er?
False
Is 104793063 composite?
True
Is 11404651 a composite number?
True
Is 123910607 composite?
True
Is 53866237 a composite number?
False
Is 3193081 a composite number?
False
Is 4050661 composite?
True
Is 88210487 a composite number?
True
Is 243062263 prime?
False
Is 18799733 composite?
True
Is 132501907 a composite number?
False
Is 509292037 a prime number?
False
Is 80028053 a prime number?
False
Is 1322639 a prime number?
False
Is 4689883 a prime number?
False
Is 5023423 a prime number?
False
Is 11486219 composite?
False
Is 30386821 prime?
True
Is 11159011 a prime number?
False
Is 12729653 a composite number?
False
Is 4981157 a prime number?
True
Is 2133421 a prime number?
False
Is 6776717 composite?
False
Is 66222073 composite?
False
Is 1204751 a prime number?
False
Is 12341321 prime?
False
Is 473273 composite?
True
Is 71063 a composite number?
True
Is 260217143 a prime number?
True
Is 64789217 a composite number?
False
Is 89029795 composite?
True
Is 71081211 a composite number?
True
Is 3929421 a prime number?
False
Is 242037241 composite?
False
Is 18279741 composite?
True
Is 27711637 a prime number?
True
Is 3998993 composite?
False
Is 8287907 a composite number?
True
Is 129341 a composite number?
False
Is 237531039 composite?
True
Is 79133243 prime?
False
Is 30150331 prime?
False
Is 3332843 a prime number?
True
Is 1567459 a prime number?
False
Is 8435893 prime?
False
Is 8799829 a composite number?
True
Is 13802959 composite?
True
Is 6168289 a composite number?
True
Is 142249 a composite number?
True
Is 29799941 a composite number?
False
Is 4710983 a prime number?
True
Is 8680003 prime?
True
Is 6575809 prime?
False
Is 609784115 a composite number?
True
Is 42036989 a composite number?
False
Is 10980313 a composite number?
True
Is 9826847 composite?
False
Is 16435913 composite?
True
Is 431585447 composite?
False
Is 3157711 a composite number?
False
Is 8903 a composite number?
True
Is 2982771827 prime?
False
Is 40553831 a composite number?
False
Is 237997 composite?
False
Is 72074507 prime?
True
Is 60230663 composite?
False
Is 369637 composite?
False
Is 126708817 a prime number?
False
Is 101526943 a prime number?
False
Is 42526739 composite?
False
Is 10929221 prime?
True
Is 12451 a composite number?
False
Is 359791 prime?
False
Is 95705537 prime?
True
Is 2845631 a prime number?
True
Is 354271501 composite?
False
Is 20584439 a composite number?
False
Is 4705931 a prime number?
True
Is 188689003 composite?
False
Is 3923638 composite?
True
Is 20079689 a composite number?
True
Is 252217649 composite?
False
Is 240592411 composite?
False
Is 771469 a prime number?
False
Is 2944973 composite?
True
Is 1434677 a composite number?
False
Is 84117679 prime?
True
Is 40858163 prime?
True
Is 11592274 prime?
False
Is 22278793 prime?
True
Is 1790443 a prime number?
True
Is 727541 composite?
False
Is 851438255 a composite number?
True
Is 151680041 a prime number?
True
Is 45377 composite?
False
Is 67255 a prime number?
False
Is 4010333 a prime number?
False
Is 182132381 composite?
False
Is 62774707 a composite number?
False
Is 56772389 prime?
False
Is 16983419 a prime number?
True
Is 277259941 a composite number?
True
Is 453251 a prime number?
False
Is 13242811 composite?
False
Is 24337403 prime?
True
Is 86070773 composite?
False
Is 959449 a composite number?
False
Is 35577986 prime?
False
Is 14137549 composite?
False
Is 37335041 composite?
True
Is 158306111 a prime number?
False
Is 3728357 prime?
True
Is 28639862 prime?
False
Is 31700299 composite?
False
Is 54889 a composite number?
True
Is 16087 a prime number?
True
Is 108719381 prime?
False
Is 26174959 a prime number?
True
Is 4989599 prime?
True
Is 40336073 a prime number?
False
Is 63591521 composite?
True
Is 77549687 composite?
False
Is 5442483 composite?
True
Is 67015037 composite?
True
Is 22207973 a composite number?
False
Is 9607 prime?
False
Is 1255249 composite?
False
Is 123001 prime?
True
Is 359287 composite?
True
Is 139811387 composite?
False
Is 35079277 composite?
False
Is 4568557 a prime number?
False
Is 149375999 composite?
True
Is 9660649 prime?
False
Is 4754107 composite?
False
Is 283007911 prime?
False
Is 8990873 composite?
False
Is 3487021 a composite number?
False
Is 19236817 composite?
True
Is 194976057 a composite number?
True
Is 1662811 prime?
False
Is 117469687 prime?
True
Is 149666497 a composite number?
True
Is 9458359 composite?
True
Is 6247901 a prime number?
False
Is 2556227 prime?
False
Is 192305053 prime?
True
Is 200553917 composite?
True
Is 14229659 a composite number?
True
Is 306083 a prime number?
True
Is 3531989 a composite number?
False
Is 230424463 a prime number?
True
Is 70177729 prime?
False
Is 101725553 composite?
False
Is 171391 a prime number?
False
Is 7637293 a composite number?
True
Is 681612881 composite?
False
Is 2593679 a composite number?
True
Is 4508951 prime?
False
Is 3338039 composite?
False
Is 716260837 a prime number?
False
Is 4281254 prime?
False
Is 17629519 a composite number?
False
Is 256879527 composite?
True
Is 78571349 composite?
True
Is 67214359 a prime number?
True
Is 79632299 a prime number?
True
Is 52343497 a prime number?
False
Is 45042059 a prime number?
True
Is 270186941 a composite number?
False
Is 1863707 composite?
False
Is 781589245 prime?
False
Is 16754813 composite?
True
Is 1865681 prime?
True
Is 2686393 prime?
True
Is 29320471 prime?
True
Is 18159901 a composite number?
True
Is 50001703 a composite number?
False
Is 3750022 a prime number?
False
Is 94095919 a prime number?
True
Is 25561 composite?
False
Is 4536751 composite?
True
Is 1599803 a prime number?
True
Is 1506503 prime?
False
Is 67937539 prime?
False
Is 314149 prime?
False
Is 3220051 a prime number?
True
Is 29258909 prime?
True
Is 165929149 a prime number?
False
Is 1236407 prime?
False
Is 4402841 a prime number?
True
Is 195403847 prime?
False
Is 79840069 a prime number?
True
Is 48439 composite?
True
Is 101169649 composite?
True
Is 9678901 composite?
False
Is 23427539 prime?
True
Is 4628387 prime?
False
Is 6432107 a prime number?
False
Is 78628217 a composite number?
False
Is 71195093 a prime number?
False
Is 36284441 a prime number?
True
Is 3209543 a prime number?
True
Is 52410107 prime?
True
Is 2092339 a prime number?
False
Is 335609 a composite number?
False
Is 3507667 a prime number?
True
Is 575167121 a prime number?
False
Is 32045489 composite?
True
Is 962778623 a composite number?
False
Is 5315753 prime?
False
Is 34168423 a prime number?
True
Is 7212417 prime?
False
Is 5828731 composite?
True
Is 347842199 a composite number?
False
Is 7241 composite?
True
Is 353323 a prime number?
False
Is 286379 a composite number?
True
Is 365313713 a prime number?
False
Is 9199151 prime?
False
Is 845561 a composite number?
True
Is 1055671 a prime number?
True
Is 2628229 a composite number?
False
Is 48696391 composite?
False
Is 226909 prime?
False
Is 236784629 composite?
False
Is 278305 a composite number?
True
Is 1653853 a composite number?
False
Is 169502777 a composite number?
False
Is 283292813 composite?
True
Is 60740599 a prime number?
False
Is 2505611 a composite number?
False
Is 5314409 a prime number?
False
Is 953319 a composite number?
True
Is 220885391 composite?
False
Is 10423463 composite?
True
Is 607840663 composite?
False
Is 91973563 a prime number?
False
Is 1952551 a prime number?
True
Is 12940654 prime?
False
Is 10429337 a composite number?
False
Is 1442362 composite?
True
Is 150782147 prime?
False
Is 46376767 prime?
False
Is 10858831 a composite number?
False
Is 20885331 a composite number?
True
Is 50606477 prime?
False
Is 66106697 a composite number?
False
Is 12966407 prime?
False
Is 3331046 composite?
True
Is 4434019 composite?
False
Is 18604063 composite?
False
Is 189388091 prime?
True
Is 5143837 a prime number?
True
Is 881509 prime?
True
Is 4042993 composite?
False
Is 91622749 composite?
False
Is 36125863 a composite number?
True
Is 975959 a composite number?
True
Is 17917387 a composite number?
True
Is 2855247 a prime number?
False
Is 8305051 prime?
True
Is 91436803 prime?
False
Is 29517907 composite?
False
Is 184239742 composite?
True
Is 5870159 prime?
False
Is 4034011 composite?
False
Is 1608611 a prime number?
True
Is 1468877 composite?
False
Is 1369889 prime?
